me factors of 3278359669?
13, 4091, 61643
What are the prime factors of 185275855?
5, 127, 283, 1031
What are the prime factors of 136721379?
3, 1193, 38201
What are the prime factors of 2164869155?
5, 432973831
What are the prime factors of 1489214556?
2, 3, 41367071
What are the prime factors of 5046449?
5046449
What are the prime factors of 109966855?
5, 59, 372769
List the prime factors of 546583894.
2, 273291947
What are the prime factors of 668188598?
2, 7, 11, 619841
List the prime factors of 577375604.
2, 13, 11103377
List the prime factors of 71861046.
2, 3, 11976841
What are the prime factors of 95226550?
2, 5, 1904531
List the prime factors of 194869475.
5, 83, 93913
List the prime factors of 3497090873.
31, 5711, 19753
List the prime factors of 729870016.
2, 127, 89797
List the prime factors of 637462982.
2, 13, 31, 790897
List the prime factors of 2667368320.
2, 5, 4167763
List the prime factors of 10224995.
5, 11, 23, 59, 137
List the prime factors of 31221632.
2, 13, 29, 647
What are the prime factors of 352146104?
2, 67, 656989
List the prime factors of 465489080.
2, 5, 7, 373, 4457
What are the prime factors of 335475?
3, 5, 7, 71
What are the prime factors of 44875602?
2, 3, 2493089
List the prime factors of 1285999794.
2, 3, 23814811
List the prime factors of 27759074.
2, 7, 31, 167, 383
List the prime factors of 16731662.
2, 1237, 6763
What are the prime factors of 22721740?
2, 5, 1136087
List the prime factors of 39734027.
39734027
What are the prime factors of 63818405?
5, 7, 1823383
What are the prime factors of 959861063?
7, 137123009
What are the prime factors of 283712940?
2, 3, 5, 7, 19, 1693
List the prime factors of 59827717.
67, 892951
List the prime factors of 9884735.
5, 7, 17, 37, 449
List the prime factors of 50486512.
2, 3155407
List the prime factors of 3177629925.
3, 5, 42368399
What are the prime factors of 760627257?
3, 13, 127, 11813
List the prime factors of 466520808.
2, 3, 13, 73, 20483
What are the prime factors of 28100513?
7, 1471, 2729
What are the prime factors of 872047531?
53, 643, 25589
List the prime factors of 51107091.
3, 7, 43, 56597
What are the prime factors of 62426178?
2, 3, 37, 67, 1399
What are the prime factors of 1823770569?
3, 41, 14827403
What are the prime factors of 2393028875?
5, 19144231
What are the prime factors of 177346421?
7, 25335203
List the prime factors of 432118959.
3, 144039653
What are the prime factors of 39136951?
7, 167, 33479
What are the prime factors of 1766276112?
2, 3, 109, 439, 769
List the prime factors of 734291405.
5, 257, 571433
What are the prime factors of 67174171?
211, 241, 1321
List the prime factors of 104577354.
2, 3, 7, 829979
What are the prime factors of 1515355563?
3, 89, 5675489
List the prime factors of 2150208152.
2, 268776019
List the prime factors of 205230834.
2, 3, 17, 74521
List the prime factors of 41373301.
47, 880283
What are the prime factors of 4829998592?
2, 9433591
What are the prime factors of 881381?
569, 1549
What are the prime factors of 183045423?
3, 11, 113, 191, 257
What are the prime factors of 4125618630?
2, 3, 5, 7, 2182867
List the prime factors of 1652647318.
2, 7, 109, 1082993
What are the prime factors of 55010924?
2, 311, 44221
What are the prime factors of 390082246?
2, 195041123
List the prime factors of 490085516.
2, 97, 1263107
List the prime factors of 1155034360.
2, 5, 389, 74231
What are the prime factors of 2147504482?
2, 71, 15123271
What are the prime factors of 5564192?
2, 41, 4241
What are the prime factors of 86571917?
86571917
List the prime factors of 449018152.
2, 11, 127, 40177
List the prime factors of 82817252.
2, 7, 422537
List the prime factors of 803081914.
2, 307, 1307951
List the prime factors of 16740239.
4027, 4157
What are the prime factors of 880862721?
3, 1997, 147031
What are the prime factors of 132747739?
103, 157, 8209
List the prime factors of 50128000.
2, 5, 13, 241
What are the prime factors of 330964195?
5, 66192839
List the prime factors of 341874552.
2, 3, 14244773
List the prime factors of 1861806484.
2, 23, 223, 90749
List the prime factors of 53008908.
2, 3, 4417409
List the prime factors of 115910214.
2, 3, 7, 293, 9419
List the prime factors of 27369320.
2, 5, 11, 17, 3659
What are the prime factors of 21382918?
2, 29, 317, 1163
List the prime factors of 1509938733.
3, 67, 149, 50417
List the prime factors of 45896332.
2, 11474083
What are the prime factors of 123291535?
5, 43, 109, 5261
List the prime factors of 11903009.
17, 79, 8863
What are the prime factors of 93836337?
3, 7, 1753, 2549
What are the prime factors of 70769158?
2, 107, 330697
What are the prime factors of 157038258?
2, 3, 13, 53, 37987
What are the prime factors of 521214051?
3, 43, 4040419
What are the prime factors of 40518529?
1061, 38189
List the prime factors of 815450297.
815450297
List the prime factors of 1020466049.
113, 331, 27283
List the prime factors of 1187400.
2, 3, 5, 1979
List the prime factors of 554117226.
2, 3, 13, 53, 134039
List the prime factors of 581898255.
3, 5, 38793217
List the prime factors of 35727486.
2, 3, 19, 313399
List the prime factors of 1101089214.
2, 3, 6796847
What are the prime factors of 1731710914?
2, 89, 2237, 4349
What are the prime factors of 32731059?
3, 1231, 8863
What are the prime factors of 996403436?
2, 7, 5083691
List the prime factors of 172517843.
172517843
List the prime factors of 909817653.
3, 2113, 143527
What are the prime factors of 178650992?
2, 13, 858899
What are the prime factors of 343096189?
31, 53, 367, 569
What are the prime factors of 135039835?
5, 7, 79, 6977
What are the prime factors of 1482996134?
2, 337, 2200291
What are the prime factors of 127287158?
2, 1901, 33479
List the prime factors of 311323668.
2, 3, 193, 229, 587
What are the prime factors of 1550734852?
2, 9743, 39791
What are the prime factors of 321359076?
2, 3, 59, 16811
List the prime factors of 996357990.
2, 3, 5, 563, 58991
List the prime factors of 691566868.
2, 17, 10170101
List the prime factors of 2605384956.
2, 3, 19, 31, 211, 1747
List the prime factors of 117019763.
7, 16717109
What are the prime factors of 1367350593?
3, 7, 43, 1514231
List the prime factors of 80642201.
80642201
What are the prime factors of 138007447?
37, 3729931
What are the prime factors of 145534576?
2, 11, 347, 2383
List the prime factors of 3380475648.
2, 3, 11, 400151
List the prime factors of 1607013322.
2, 803506661
List the prime factors of 484978840.
2, 5, 1777, 6823
What are the prime factors of 355111038?
2, 3, 47, 419753
What are the prime factors of 288328200?
2, 3, 5, 661, 727
List the prime factors of 83824905.
3, 5, 2351, 2377
List the prime factors of 28581726.
2, 3, 17, 79, 3547
What are the prime factors of 75340385?
5, 31, 97, 5011
List the prime factors of 172377593.
172377593
List the prime factors of 724733338.
2, 7, 103, 541, 929
List the prime factors of 4130380778.
2, 19, 2137, 2677
What are the prime factors of 375569192?
2, 61, 269, 2861
List the prime factors of 349632545.
5, 23, 3040283
List the prime factors of 2065555967.
5527, 373721
What are the prime factors of 6145230?
2, 3, 5, 7, 13, 2251
What are the prime factors of 736566263?
736566263
What are the prime factors of 146645611?
7, 307, 68239
What are the prime factors of 934347904?
2, 7, 1042799
List the prime factors of 37023624.
2, 3, 11, 46747
What are the prime factors of 66143875?
5, 7, 10799
List the prime factors of 65292198.
2, 3, 37, 491, 599
What are the prime factors of 180646485?
3, 5, 23, 139, 3767
What are the prime factors of 40376935?
5, 419, 19273
List the prime factors of 245556584.
2, 7, 13, 59, 5717
List the prime factors of 196691260.
2, 5, 37, 131, 2029
List the prime factors of 216559369.
13, 1093, 15241
What are the prime factors of 69185022?
2, 3, 43, 229, 1171
List the prime factors of 116257008.
2, 3, 7, 49429
List the prime factors of 13158566.
2, 6579283
List the prime factors of 211253551.
23, 1601, 5737
List the prime factors of 1853017140.
2, 3, 5, 13, 41, 57943
List the prime factors of 25950676.
2, 113, 57413
List the prime factors of 60209642.
2, 263, 114467
What are the prime factors of 3458231?
7, 271, 1823
What are the prime factors of 352596109?
229,